.
11
What is the value of -1 - (-35 - (0 + -10))?
24
What is -6 - 1 - (-11 - -15)?
-11
What is 45 + -48 + 34 - 18?
13
Calculate (-36 + 51 - (-8 - -4)) + 7.
26
What is -26 - (-15 - (-8 + -5 + 7))?
-17
3 - 4 - (-93 + 81)
11
What is 3 + 150 + -149 + (1 - (-2 - 0))?
7
Evaluate 9 + (-6 - 4) + -31 + -6 + 7.
-31
112 + -86 + 3 + -35
-6
(23 - 18) + 15 + -9 - 26
-15
Calculate 309 - 323 - (0 - (3 - 1)).
-12
Calculate 17 + -34 + 7 + 2.
-8
What is 25 - 2 - (16 - (23 + -15))?
15
What is (1 - 2) + (8 - (-6 + 19) - -5)?
-1
Calculate -17 + (42 + -30 - (-1 - -9)).
-13
What is (25 - 39) + -5 + 27?
8
Calculate 6 + -26 - -29 - -9.
18
-20 + 3 + (3 - -9)
-5
(-3 - -6 - -2) + 47 + -56 - 13
-17
(16 - (-8 + 18)) + 1 + 2
9
What is the value of -303 + 330 - (58 - 2)?
-29
What is the value of (-17 - ((-3 - -5) + -35)) + -16?
0
What is the value of (5 - 4) + 1 + (-26 - -27)?
3
What is -8 + -1 - (-15 + 57 + -66)?
15
1 + -9 + (9 - -1)
2
Evaluate (-31 - 2) + 22 - (1 - 29).
17
What is 3 + 13 + 11 + 1 + 11?
39
What is the value of -6 + 12 + -2 + -5?
-1
Evaluate (4 - ((-3 - -1) + -2)) + 10 + -16.
2
What is -8 + -16 + (44 - 2)?
18
What is the value of -3 - -14 - 17 - (3 + (1 - 0))?
-10
-12 + -15 + 32 - 32
-27
5 - (15 + -7) - -3 - (-16 + 5)
11
-32 - (-12 + 18 - 42)
4
What is the value of 7 + 8 + -15 - -9?
9
What is (-5 - -5) + (-11 - (-5 + -9))?
3
What is the value of 23 - 4 - ((-1 - -2) + 1)?
17
Calculate -13 - (-12 - -9 - ((-2 - 2) + 4)).
-10
What is the value of -32 + 24 + 19 + -2?
9
-27 + 19 + (5 - (-10 - -3 - -19))
-15
Calculate 0 + 3 + (108 - 102).
9
Evaluate -8 - (-20 + -9) - 39.
-18
(1 - -10) + -11 + -7
-7
1 - 0 - (-11 + -13 + 24)
1
What is the value of 1 + (0 - -1) + 0 - (-586 - -597)?
-9
Calculate -9 + 1 + -8 + (-21 - -17).
-20
Evaluate -1 + 0 + (8 + -19 - -22) + -10.
0
What is -2 + -6 + 56 + -55 + (18 - 0)?
11
11 - (11 + (1 - 5) + -28 + 23)
9
Calculate -1 + -4 - (19 - 30) - -4.
10
What is 19 - (-2 + (21 - 9))?
9
Calculate (51 - 59) + -2 + 1.
-9
Evaluate -10 + 2 + 3 + -5 + 7 - 1.
-4
Evaluate (11 - (15 + 0)) + 8.
4
Evaluate 6 + 3 + 9 + -6 - -2.
14
Evaluate (10 - 3 - (1 + 2)) + (-45 - -53).
12
5 - (1 + -7 - (2 - (0 + 0)))
13
Calculate 112 + -132 + (-2 - -2) + 12.
-8
What is the value of -1 + 0 - (-16 - -22)?
-7
Calculate -21 - (-12 + (5 - 41)).
27
What is 15 + 15 + (-2 - 22)?
6
What is the value of -7 + 9 + (15 - 8)?
9
Evaluate -7 + 11 + -12 + 12 - 17.
-13
What is -7 + 4 + (-11 - -22 - 10)?
-2
What is -5 + (9 + -2 - (-26 + 19))?
9
What is -42 + (7 - (-6 - -5) - -5)?
-29
Evaluate 5 + (1 + (0 - -1) - (-8 - -18)).
-3
Calculate -4 + (-11 - 4) - (68 - 75).
-12
Calculate -11 + (-26 - -15) + 5.
-17
Calculate 10 - 10 - 11 - (-16 + 24).
-19
811 + -855 - (-16 - (0 + 1))
-27
What is -9 + 4 + (0 + 3 - 4)?
-6
Calculate (16 - 7) + (0 - (0 - (-3 + -2))).
4
Calculate 15 + -1 + (-29 - -37 - 3).
19
Evaluate 41 + 12 + (-25 - (-7 - -13)).
22
Calculate -23 - (-30 + 45 + -61).
23
What is the value of -1056 + 1049 + (2 + -1 - 6)?
-12
What is the value of -1 + (-3 - 5) + 5?
-4
Calculate -7 + (5 + -21 - (0 + -16)).
-7
What is the value of -12 + -2 + (-31 - -40)?
-5
6 + (5 - ((13 - 0) + 116 + -108))
-10
What is the value of -10 + -5 + (10 - -1) + (-2 - 5)?
-11
Calculate 10 - (-8 - (2 + -21) - 10).
9
Calculate 59 - 53 - (0 + 2 - (-2 + 0)).
2
6 - (-18 + 24 + (1 - (-3 - -3)))
-1
Evaluate 16 - -1 - (204 - 199).
12
Calculate 4 + 25 + -39 + 26.
16
What is the value of -8 + (-6 - (-2 + -10)) + -10?
-12
Evaluate 13 + 4 + -16 - -9.
10
What is 5 + (14 - 31) - -33?
21
What is the value of (-2 - -20) + -3 + (1 - 1) - 6?
9
Calculate (-11 - (9 - 32) - 8) + (4 - -20).
28
What is 2 + 16 + 5 + -13?
10
What is the value of 45 - 39 - (6 - (0 - 2))?
-2
What is the value of -7 + (2 + -7 - -14)?
2
11 + -11 + 6 + 0 + (3 - 1)
8
Evaluate -9 + (8 - -6) - 14.
-9
Evaluate 21 + -2 + -737 + 741.
23
-2 - (8 + -6) - (25 + -46)
17
What is the value of -4 - 3 - (15 - (-14 + 28))?
-8
What is (7 + -7 + -6 - (-7 + 9)) + -12?
-20
What is -11 - (-22 + 12 + 8)?
-9
(-16 - -1) + -191 + 177
-29
Calculate 4 + 12 + (-2 - 11).
3
Calculate (-1 - (-7 - -3)) + 21 + -23 + -7.
-6
Evaluate 8 - (-21 + (-12 - (-36 + 17))).
22
-12 - ((-6 - -21) + -48)
21
What is the value of -3 + (8 - (8 - 14))?
11
What is 25 - 23 - (1 + 1 + (-2 - -3))?
-1
Evaluate -2 + 36 + 2 + 288 + -297.
27
Calculate 42 + 34 + (-32 - 11).
33
5 + 8 - (-2 + 30)
-15
What is -10 + (12 - (9 + 1)) + 21?
13
What is the value of 3 + 1 + 14 + -19 + 0?
-1
Calculate -1 + -1 + -1 + (-29 - (7 + -36)).
-3
7 - (7 - 0 - (-6 - -10))
4
Evaluate (-15 - 0) + -1 - (-133 + 121).
-4
Evaluate 1 - 1 - (-8 + 38 + -4).
-26
(-2 - -2) + 11 + 280 + -301 - 9
-19
What is 7 - (4 + -1 - -6) - (-2 - -9)?
-9
Evaluate 0 + -18 + 1 + (-33 - 6 - -45).
-11
What is -62 + (41 - (-5 + 13))?
-29
What is 0 + 31 - (525 + -528)?
34
-7 - (8 + -7 + -5 + -1 + 4)
-6
Calculate 38 - (56 + -36) - (-1 - -43).
-24
What is -14 + -2 - (75 + -92)?
1
4 - ((5 - -24) + (3 - (3 - -4)))
-21
What is the value of 862 + -868 + -15 + 1?
-20
What is the value of (4 - 17) + -5 + 14?
-4
Calculate 0 - (27 - 24 - (-2 + 2)).
-3
What is the value of -14 - -7 - 42 - -6 - -10?
-33
Calculate -11 - (-14 + 11 + -1).
-7
What is the value of -2 + 2 + 8 + 12 + (9 - 18)?
11
What is (-4 - -3 - -1) + -32 + 10 + -11?
-33
Calculate (19 - (31 - 37)) + 8.
33
What is (-58 - (16 + -41)) + 35?
2
Evaluate 15 + (5 - (-22 + 18)) - 1.
23
What is -7 - -1 - (-7 - (1 - 4)) - -5?
3
What is the value of -1 + -3 + -5 + 12 + 4?
7
What is the value of 2 + -4 + -3 + -5 + 5?
-5
What is the value of -18 - (-15 - -17) - -5 - 11?
-26
What is the value of 146 + -136 + -17 + 4?
-3
What is the value of 0 + -8 - (30 - (-19 - -38))?
-19
What is (-75 - (40 + -64)) + 40?
-11
What is the value of 9 - -2 - 3 - (-12 + 7 - 2)?
15
Evaluate (-8 + -32 - -9) + 30 + 11 + -1.
9
Evaluate -10 + 4 + (12 + -32 - -8).
-18
What is the value of 2 + (4 - (2 - 5)) - 3 - 9?
-3
What is the value of (0 - -1) + 3 + 3 - (-212 + 202)?
17
Calculate -32 - (-11 + (-7 - -2 - -11)).
-27
Evaluate -3 + (8 + 0 + -5 - (7 + -4)).
-3
Evaluate 34 + -35 + -6 + -2 - (3 + 1).
-13
What is (-14 - (-13 - 31)) + -10?
20
-36 + (-5 + 5 - (16 - 18))
-34
Evaluate 13 + 0 + 2 - (-19 - (-13 - 10)).
11
Evaluate (6 - -28) + -24 + (-18 - 0) + 49.
41
Calculate -58 - -62 - (-6 + 1) - -9.
18
What is the value of (3 + 1 + -3 - -1) + (254 - 267)?
-11
Calculate -661 + 649 - (-3 + 1).
-10
Evaluate (-244 - -235) + 2 + 1.
-6
-2 + 16 + (-17 - 15) + 9
-9
What is 11 - (4 - (4 - 3) - (9 + -5))?
12
What is 13 + -7 - (-10 + (16 - -4))?
-4
What is the value of 43 + (-54 - (-13 - 20))?
22
Evaluate 2 + 5 + -1 + (-76 - -84).
14
Evaluate 5 + (6 - 8) + (-6 - -2 - 0).
-1
9 - (-16 + (28 - -11))
-14
Evaluate -1 - (-16 - (-1 + -4)).
10
-1657 + 1662 + (30 - -1)
36
Calculate 24 - (31 + -31 + 25).
-1
Calculate 12 - (2 + 0 + 0 + 429 + -428).
9
What is (-17 - (3 - 4)) + -264 + 275?
-5
Evaluate (-12 - -15 - -18) + -18.
3
What is the value of -6 + 10 + -9 + 1 + (-79 - -79)?
-4
Calculate 32 + (9 - (-7 - (-7 - 19))).
22
What is 1 - 12 - (-25 + -5 + 20) - -12?
11
Evaluate (5 - 36) + 22 - (4 + (0 - -1)).
-14
Evaluate (20 + -13 - -4) + 3.
14
What is the value of -28 + (12 - (-18 + 31))?
-29
What is 20 - (16 + (-12 - -7) - (1 - -4))?
14
What is the value of -1 - -1 - (-12 - (-3 + 3 + -2))?
10
Evaluate -4 - (-1 - 1) - (-17 + (18 - 15)).
12
What is 6 - (-35 + 29 - (3 + 5))?
20
Calculate 0 - -27 - (23 - -1).
3
40 + -17 - (2 + 1) - 11
9
Calculate -5 + -2 + -1 + 10 - (-11 + 3).
10
15 - (-14 - 14 - -19 - -15)
9
What is the value of -7 + 2 - (266 + -263)?
-8
What is -1 - (-5 + 1 + 17)?
-14
Calculate -1760 + 1761 - (18 - 1).
-16
What is -15 + -5 + (-5 - 4 - 0)?
-29
Evaluate -3 - ((48 - 38) + -5 + 0).
-8
Evaluate -32 + (-12 + (16 - -9) - 7).
-26
Calculate 9 + (7 - 4) - (5 - (8 - 6)).
9
Calculate 16 - (-15 - (-21 - -9 - -1)).
20
Calculate -5 + 0 - (11 + 28 + -43).
-1
What is the value of (2 - 2 - -6) + 219 + -207?
18
Evaluate (-1 - (-3 + (9 - 17))) + -2.
8
Evaluate -3 + -22 + 2 + 9.
-14
Calculate (53 - (8 + 17)) + -5.
23
What is the value of -1 + (-13 + -2 - -12)?
-4
((3 - 4) + 1 - 3) + 169 + -166
0
What is the value of (-16 - 1 - -10) + -7?
-14
Evaluate 7 + (-26 - 8) + 24.
-3
Evaluate -10 - -33 - 8 - (2 + -1).
14
8 + (-12 - (-25 - (2 - 16)))
7
Calculate 2 + -1 + -17 + 8 + 20.
12
What is the va